 the greatest common divisor of 72675456 and 112.
112
What is the greatest common factor of 754 and 3625348?
58
What is the highest common factor of 45812 and 702?
26
What is the greatest common divisor of 18 and 3250424?
2
What is the greatest common factor of 515450 and 84162?
338
What is the highest common factor of 118740936 and 25908?
1524
What is the highest common factor of 180467 and 353568?
3683
What is the greatest common divisor of 17474786 and 70?
14
What is the highest common divisor of 262 and 2015?
1
Calculate the highest common divisor of 111626869 and 556.
139
What is the highest common divisor of 166261868 and 444?
148
Calculate the highest common divisor of 166453 and 75313.
49
What is the highest common divisor of 12 and 22871928?
12
What is the highest common factor of 1371714942 and 636?
318
What is the greatest common divisor of 92726 and 320623?
653
What is the highest common divisor of 713544 and 6096?
24
Calculate the highest common factor of 34344553 and 2326.
1163
What is the greatest common factor of 149850 and 48000?
150
Calculate the greatest common divisor of 559718 and 3484.
134
Calculate the highest common divisor of 65604798 and 14.
14
Calculate the highest common factor of 3366 and 6081988.
374
Calculate the highest common divisor of 2401720 and 55091.
619
What is the highest common factor of 94295670 and 14763?
399
What is the highest common factor of 2115 and 14782205?
235
What is the highest common divisor of 322693533 and 5526?
2763
Calculate the greatest common divisor of 116 and 1112817.
29
Calculate the highest common factor of 5 and 111267245.
5
Calculate the greatest common divisor of 40 and 2094320.
40
Calculate the highest common divisor of 12846476 and 151.
151
What is the highest common factor of 566868 and 173436?
1164
Calculate the highest common divisor of 17 and 125096251.
17
Calculate the highest common divisor of 10191 and 347587834.
3397
What is the greatest common divisor of 78211719 and 3?
3
Calculate the highest common divisor of 22353032 and 1413.
157
Calculate the greatest common factor of 61 and 217136027.
61
Calculate the greatest common factor of 5577 and 478110633.
5577
Calculate the greatest common factor of 391 and 329867541.
391
Calculate the greatest common factor of 48026517 and 132.
33
What is the highest common divisor of 31206 and 93346062?
4458
Calculate the highest common factor of 3847937 and 86621.
893
Calculate the highest common factor of 464 and 46460552.
232
What is the highest common divisor of 650 and 916526?
26
What is the greatest common divisor of 30 and 37773930?
30
What is the highest common factor of 228957 and 840?
3
Calculate the highest common factor of 5628 and 1375209304.
1876
What is the greatest common divisor of 342 and 21656390?
38
Calculate the highest common factor of 1323 and 377888.
49
Calculate the highest common divisor of 12749 and 188063.
61
Calculate the greatest common factor of 40729563 and 999.
333
What is the greatest common divisor of 72 and 19677852?
36
What is the highest common divisor of 4100992 and 4439?
23
Calculate the greatest common factor of 24260190 and 45.
15
Calculate the greatest common factor of 209 and 28219488.
11
Calculate the highest common factor of 3036 and 1730102.
22
Calculate the greatest common divisor of 6152824 and 101393.
2473
Calculate the greatest common factor of 21527343 and 216.
27
Calculate the greatest common divisor of 242017 and 60532.
37
What is the highest common divisor of 5558872 and 131406?
3982
What is the highest common factor of 11674163 and 3342?
557
Calculate the greatest common factor of 245931878 and 430.
86
What is the highest common divisor of 386714902 and 6706?
6706
Calculate the greatest common factor of 1212 and 101696799.
303
Calculate the greatest common factor of 3586 and 167981.
11
What is the highest common divisor of 112 and 818314?
14
What is the greatest common factor of 129504 and 689244?
228
Calculate the greatest common factor of 1804295025 and 39.
39
Calculate the greatest common divisor of 156306 and 2195454.
1434
Calculate the highest common factor of 33638352 and 1056.
528
What is the greatest common divisor of 64032 and 403328?
736
What is the greatest common factor of 3645 and 1973403?
729
What is the greatest common factor of 230 and 2670086?
2
What is the greatest common factor of 21546 and 155477?
133
What is the greatest common divisor of 1750 and 35538125?
875
Calculate the highest common factor of 2046057 and 161.
23
What is the greatest common divisor of 8097 and 4191547?
2699
Calculate the greatest common divisor of 20096965 and 470.
235
Calculate the highest common factor of 2301 and 5021490.
177
What is the greatest common factor of 590066 and 70?
2
What is the greatest common divisor of 287 and 18595960?
41
Calculate the greatest common divisor of 17399091 and 186.
93
Calculate the greatest common factor of 1854 and 2287422.
18
Calculate the greatest common divisor of 440 and 75917380.
220
What is the highest common factor of 269036460 and 2820?
2820
What is the highest common divisor of 17920 and 21878080?
2240
What is the highest common divisor of 48 and 4622907?
3
Calculate the highest common factor of 89466015 and 203.
29
Calculate the highest common divisor of 42 and 11116210.
14
What is the greatest common factor of 733428869 and 41?
41
What is the highest common factor of 38 and 3975883?
19
What is the greatest common divisor of 25 and 60140400?
25
What is the highest common divisor of 16607936 and 320?
64
Calculate the highest common divisor of 761080854 and 606.
606
Calculate the greatest common factor of 2899 and 4058561.
13
What is the greatest common factor of 10288314 and 828?
414
Calculate the greatest common factor of 207 and 593202867.
69
Calculate the highest common divisor of 81699 and 1246934.
241
Calculate the greatest common divisor of 4135 and 11005.
5
What is the greatest common divisor of 131401778 and 642?
214
Calculate the greatest common divisor of 348768 and 39456.
288
What is the greatest common factor of 2317656 and 10428?
132
Calculate the highest common factor of 16712015 and 491665.
4595
Calculate the highest common factor of 30085037 and 2831.
2831
What is the greatest common factor of 127440346 and 484?
242
What is the greatest common divisor of 841 and 31784754?
841
Calculate the highest common divisor of 1226 and 3719071.
613
What is the greatest common divisor of 1656 and 1203354?
18
What is the highest common divisor of 10022527 and 125372?
2411
Calculate the greatest common factor of 172 and 8101931.
43
Calculate the highest common factor of 195 and 4517448.
39
What is the greatest common factor of 153 and 3480546?
51
What is the highest common divisor of 272 and 27219696?
16
Calculate the greatest common factor of 407 and 16390778.
37
Calculate the highest common divisor of 201863 and 40133.
599
What is the highest common divisor of 133029 and 405909?
3411
Calculate the greatest common divisor of 810516 and 34944.
84
What is the greatest common factor of 1104348 and 210?
42
What is the greatest common divisor of 10200630 and 1595?
55
What is the greatest common factor of 650 and 137087925?
325
What is the highest common divisor of 1934790 and 42955?
605
What is the highest common divisor of 18 and 11624406?
6
Calculate the greatest common divisor of 306 and 15766.
2
Calculate the greatest common divisor of 57 and 2870235741.
57
Calculate the highest common divisor of 1577 and 202043663.
1577
Calculate the greatest common factor of 3049 and 82441911.
3049
Calculate the highest common divisor of 25612 and 30311128.
1348
What is the highest common divisor of 9999 and 9352701?
909
What is the highest common divisor of 43626055 and 3795?
1265
Calculate the highest common divisor of 489167892 and 48.
12
Calculate the greatest common divisor of 1251 and 34894143.
1251
What is the greatest common divisor of 16445865 and 51435?
1905
What is the highest common divisor of 6 and 1432894?
2
Calculate the highest common factor of 612995 and 73.
1
Calculate the highest common divisor of 2614414 and 43186.
3322
Calculate the highest common divisor of 206994774 and 1.
1
What is the highest common factor of 420 and 205449880